{"id":11238,"date":"2023-05-26T08:55:13","date_gmt":"2023-05-26T08:55:13","guid":{"rendered":"https:\/\/metalcobre.pt\/?page_id=11238"},"modified":"2023-05-26T09:02:36","modified_gmt":"2023-05-26T09:02:36","slug":"privacidade-e-cookies","status":"publish","type":"page","link":"https:\/\/metalcobre.pt\/index.php\/privacidade-e-cookies\/","title":{"rendered":"Politica de Privacidade"},"content":{"rendered":"\t\t<div data-elementor-type=\"wp-page\" data-elementor-id=\"11238\" class=\"elementor elementor-11238\" data-elementor-post-type=\"page\">\n\t\t\t\t\t\t<section class=\"elementor-section elementor-top-section elementor-element elementor-element-f115b72 elementor-section-boxed elementor-section-height-default elementor-section-height-default\" data-id=\"f115b72\" data-element_type=\"section\">\n\t\t\t\t\t\t<div class=\"elementor-container elementor-column-gap-default\">\n\t\t\t\t\t<div class=\"elementor-column elementor-col-100 elementor-top-column elementor-element elementor-element-f852247\" data-id=\"f852247\" data-element_type=\"column\">\n\t\t\t<div class=\"elementor-widget-wrap elementor-element-populated\">\n\t\t\t\t\t\t<div class=\"elementor-element elementor-element-d83304a elementor-widget elementor-widget-text-editor\" data-id=\"d83304a\" data-element_type=\"widget\" data-widget_type=\"text-editor.default\">\n\t\t\t\t<div class=\"elementor-widget-container\">\n\t\t\t\t\t\t\t\t\t<h4>Pol\u00edtica de privacidade<\/h4><p>O site de MetalCobre &#8211; Comercializa\u00e7\u00e3o de Metais \u00e9 propriedade de MetalCobre &#8211; Comercializa\u00e7\u00e3o de Metais,lda, que \u00e9 uma controladora dos seus dados pessoais.<\/p><p>N\u00f3s adotamos esta Pol\u00edtica de Privacidade, que determina como processamos as informa\u00e7\u00f5es recolhidas por MetalCobre &#8211; Comercializa\u00e7\u00e3o de Metais, que tamb\u00e9m fornece os motivos pelos quais devemos recolher certos dados pessoais sobre si. Portanto, deve ler esta Pol\u00edtica de Privacidade antes de usar o site MetalCobre &#8211; Comercializa\u00e7\u00e3o de Metais.<\/p><p>Cuidamos dos seus dados pessoais e comprometemo-nos a garantir a sua confidencialidade e seguran\u00e7a.<\/p><h4>Informa\u00e7\u00f5es pessoais que recolhemos:<\/h4><p>Quando visita MetalCobre &#8211; Comercializa\u00e7\u00e3o de Metais, recolhemos automaticamente certas informa\u00e7\u00f5es sobre o seu dispositivo, incluindo informa\u00e7\u00f5es sobre o seu browser, endere\u00e7o IP, fuso hor\u00e1rio, e alguns dos cookies instalados no seu dispositivo. Al\u00e9m disso, conforme navega no Site, recolhemos informa\u00e7\u00f5es sobre as p\u00e1ginas da web ou produtos individuais que visualiza, quais sites ou termos de pesquisa o direcionaram ao site e como interage com o site. Referimo-nos a essas informa\u00e7\u00f5es recolhidas automaticamente como \u201cInforma\u00e7\u00f5es do dispositivo\u201d. Al\u00e9m disso, podemos recolher os dados pessoais que nos fornece (incluindo, mas n\u00e3o se limitando a Nome, Apelido, Morada, Informa\u00e7\u00f5es de pagamento, etc.) durante o registo para poder cumprir o acordo.<\/p><h4>Porque processamos os seus dados?<\/h4><p>A nossa principal prioridade \u00e9 a seguran\u00e7a dos dados do cliente e, como tal, podemos processar apenas dados m\u00ednimos do utilizador, apenas o que for absolutamente necess\u00e1rio para manter o site. As informa\u00e7\u00f5es recolhidas automaticamente s\u00e3o usadas apenas para identificar casos potenciais de abuso e estabelecer informa\u00e7\u00f5es estat\u00edsticas sobre o uso do site. Essas informa\u00e7\u00f5es estat\u00edsticas n\u00e3o s\u00e3o agregadas de outra forma que identifiquem qualquer utilizador espec\u00edfico do sistema.<\/p><p>Pode visitar o site sem nos dizer quem \u00e9 ou revelar qualquer informa\u00e7\u00e3o, pela qual algu\u00e9m possa identific\u00e1-lo como um indiv\u00edduo espec\u00edfico e identific\u00e1vel. Se, no entanto, deseja utilizar alguns dos recursos do site, ou deseja receber a nossa newsletter ou fornecer outros detalhes preenchendo um formul\u00e1rio, pode-nos fornecer dados pessoais, como o seu email, nome, apelido, cidade de resid\u00eancia, organiza\u00e7\u00e3o, n\u00famero de telefone. Pode optar por n\u00e3o nos fornecer os seus dados pessoais, mas talvez n\u00e3o consiga tirar proveito de alguns dos recursos do site. Por exemplo, n\u00e3o poder\u00e1 receber o nosso boletim informativo ou entrar em contato conosco diretamente do site. Os utilizadores que n\u00e3o t\u00eam certeza sobre quais informa\u00e7\u00f5es s\u00e3o obrigat\u00f3rias podem entrar em contato conosco atrav\u00e9s de wrphotos.wr@gmail.com.<\/p><h4>Os seus direitos:<\/h4><p>Se \u00e9 um residente europeu, tem os seguintes direitos relacionados aos seus dados pessoais:<\/p><ul><li>O direito de ser informado.<\/li><li>O direito de acesso.<\/li><li>O direito \u00e0 retifica\u00e7\u00e3o.<\/li><li>O direito de apagar.<\/li><li>O direito de restringir o processamento.<\/li><li>O direito \u00e0 portabilidade de dados.<\/li><li>O direito de se opor.<\/li><li>Direitos em rela\u00e7\u00e3o \u00e0 tomada de decis\u00e3o automatizada e defini\u00e7\u00e3o de perfis.<\/li><\/ul><p>Se desejar exercer esse direito, entre em contato conosco por meio das informa\u00e7\u00f5es de contato abaixo.<\/p><p>Al\u00e9m disso, se \u00e9 um residente europeu, note que estamos processando suas informa\u00e7\u00f5es para cumprir contratos que possamos ter consigo (por exemplo, se fizer um pedido atrav\u00e9s do Site), ou de outra forma para buscar os nossos interesses comerciais leg\u00edtimos listados acima. Al\u00e9m disso, observe que suas informa\u00e7\u00f5es podem ser transferidas para fora da Europa, incluindo Canad\u00e1 e Estados Unidos.<\/p><h4>Links para outros sites:<\/h4><p>O nosso site pode conter links para outros sites que n\u00e3o s\u00e3o de nossa propriedade ou controlados por n\u00f3s. Esteja ciente de que n\u00e3o somos respons\u00e1veis por outros sites ou pr\u00e1ticas de privacidade de terceiros. Incentivamos a estar atento ao sair do nosso site e ler as declara\u00e7\u00f5es de privacidade de cada site que possa recolher informa\u00e7\u00f5es pessoais.<\/p><h4>Seguran\u00e7a da informa\u00e7\u00e3o:<\/h4><p>Protegemos as informa\u00e7\u00f5es que nos fornece nos servidores de computador num ambiente controlado e seguro, protegido contra acesso, uso ou divulga\u00e7\u00e3o n\u00e3o autorizados. Mantemos salvaguardas administrativas, t\u00e9cnicas e f\u00edsicas razo\u00e1veis para proteger contra acesso n\u00e3o autorizado, uso, modifica\u00e7\u00e3o e divulga\u00e7\u00e3o de dados pessoais no seu controlo e cust\u00f3dia. No entanto, nenhuma transmiss\u00e3o de dados pela Internet ou rede sem fio pode ser garantida.<\/p><h4>Divulga\u00e7\u00e3o legal:<\/h4><p>Divulgaremos todas as informa\u00e7\u00f5es que recolhermos, usarmos ou recebermos se exigido ou permitido por lei, como para cumprir uma intima\u00e7\u00e3o ou processo legal semelhante, e quando acreditar de boa f\u00e9 que a divulga\u00e7\u00e3o \u00e9 necess\u00e1ria para proteger os nossos direitos, proteger a sua seguran\u00e7a ou a seguran\u00e7a de outras pessoas, investigar fraudes ou responder a uma solicita\u00e7\u00e3o governamental.<\/p><h4>Informa\u00e7\u00f5es de contacto:<\/h4><p>Se desejar entrar em contacto conosco para entender mais sobre esta Pol\u00edtica ou se quiser falar sobre qualquer assunto relacionado aos direitos individuais e as suas informa\u00e7\u00f5es pessoais, pode enviar um email para wrphotos.wr@gmail.com.<\/p>\t\t\t\t\t\t\t\t<\/div>\n\t\t\t\t<\/div>\n\t\t\t\t\t<\/div>\n\t\t<\/div>\n\t\t\t\t\t<\/div>\n\t\t<\/section>\n\t\t\t\t<section class=\"elementor-section elementor-top-section elementor-element elementor-element-25476fa elementor-section-boxed elementor-section-height-default elementor-section-height-default\" data-id=\"25476fa\" data-element_type=\"section\">\n\t\t\t\t\t\t<div class=\"elementor-container elementor-column-gap-default\">\n\t\t\t\t\t<div class=\"elementor-column elementor-col-100 elementor-top-column elementor-element elementor-element-1a614c1\" data-id=\"1a614c1\" data-element_type=\"column\">\n\t\t\t<div class=\"elementor-widget-wrap elementor-element-populated\">\n\t\t\t\t\t\t<div class=\"elementor-element elementor-element-79b2096 elementor-widget elementor-widget-template\" data-id=\"79b2096\" data-element_type=\"widget\" data-widget_type=\"template.default\">\n\t\t\t\t<div class=\"elementor-widget-container\">\n\t\t\t\t\t\t\t<div class=\"elementor-template\">\n\t\t\t\t\t<div data-elementor-type=\"section\" data-elementor-id=\"10078\" class=\"elementor elementor-10078\" data-elementor-post-type=\"elementor_library\">\n\t\t\t\t\t<section class=\"elementor-section elementor-top-section elementor-element elementor-element-267315fa elementor-section-boxed elementor-section-height-default elementor-section-height-default\" data-id=\"267315fa\" data-element_type=\"section\">\n\t\t\t\t\t\t<div class=\"elementor-container elementor-column-gap-default\">\n\t\t\t\t\t<div class=\"elementor-column elementor-col-100 elementor-top-column elementor-element elementor-element-4f508d7f\" data-id=\"4f508d7f\" data-element_type=\"column\">\n\t\t\t<div class=\"elementor-widget-wrap elementor-element-populated\">\n\t\t\t\t\t\t<div class=\"elementor-element elementor-element-cab75a6 arrows-relative-to-box_area slider-layout_1 slider-tablet-default slider-mobile-default slide-h-position-center bullets-small-dot-stroke elementor-widget elementor-widget-the7_content_carousel\" data-id=\"cab75a6\" data-element_type=\"widget\" data-settings=\"{&quot;widget_columns&quot;:5,&quot;gap_between_posts&quot;:{&quot;unit&quot;:&quot;px&quot;,&quot;size&quot;:0,&quot;sizes&quot;:[]},&quot;widget_columns_tablet&quot;:2,&quot;widget_columns_mobile&quot;:1,&quot;gap_between_posts_tablet&quot;:{&quot;unit&quot;:&quot;px&quot;,&quot;size&quot;:&quot;&quot;,&quot;sizes&quot;:[]},&quot;gap_between_posts_mobile&quot;:{&quot;unit&quot;:&quot;px&quot;,&quot;size&quot;:&quot;&quot;,&quot;sizes&quot;:[]}}\" data-widget_type=\"the7_content_carousel.default\">\n\t\t\t\t<div class=\"elementor-widget-container\">\n\t\t\t\t\t<div class=\"disable-arrows-hover-bg owl-carousel text-and-icon-carousel elementor-owl-carousel-call the7-elementor-widget the7_content_carousel-cab75a6 quick-scale-img\" data-scroll-mode=\"1\" data-auto-height=\"false\" data-speed=\"600\" data-autoplay=\"true\" data-autoplay_speed=\"2000\"><div  class=\"dt-owl-item-wrap elements-hover elements-hover\"  ><div class=\"dt-owl-item-inner \"><a href=\"https:\/\/rovalma.com\/\" target=\"_blank\" class=\"dt-owl-item-image layzr-bg img-css-resize-wrapper\"> <img fetchpriority=\"high\" decoding=\"async\" width=\"900\" height=\"600\" src=\"data:image\/svg+xml,%3Csvg%20xmlns%3D&#039;http%3A%2F%2Fwww.w3.org%2F2000%2Fsvg&#039;%20viewBox%3D&#039;0%200%20900%20600&#039;%2F%3E\" class=\"attachment-full size-full preload-me aspect lazy lazy-load\" alt=\"\" sizes=\"(max-width: 900px) 100vw, 900px\" style=\"--ratio: 900 \/ 600;\" data-src=\"https:\/\/metalcobre.pt\/wp-content\/uploads\/2023\/04\/MetcalCobre-MarcasRepresentadas_Rovalma.jpg\" loading=\"eager\" data-srcset=\"https:\/\/metalcobre.pt\/wp-content\/uploads\/2023\/04\/MetcalCobre-MarcasRepresentadas_Rovalma.jpg 900w, https:\/\/metalcobre.pt\/wp-content\/uploads\/2023\/04\/MetcalCobre-MarcasRepresentadas_Rovalma-300x200.jpg 300w, https:\/\/metalcobre.pt\/wp-content\/uploads\/2023\/04\/MetcalCobre-MarcasRepresentadas_Rovalma-768x512.jpg 768w\" \/><\/a><\/div><\/div><div  class=\"dt-owl-item-wrap elements-hover\"  ><div class=\"dt-owl-item-inner \"><div  class=\"dt-owl-item-image layzr-bg img-css-resize-wrapper\"> <img decoding=\"async\" width=\"900\" height=\"600\" src=\"data:image\/svg+xml,%3Csvg%20xmlns%3D&#039;http%3A%2F%2Fwww.w3.org%2F2000%2Fsvg&#039;%20viewBox%3D&#039;0%200%20900%20600&#039;%2F%3E\" class=\"attachment-full size-full preload-me aspect lazy lazy-load\" alt=\"\" sizes=\"(max-width: 900px) 100vw, 900px\" style=\"--ratio: 900 \/ 600;\" data-src=\"https:\/\/metalcobre.pt\/wp-content\/uploads\/2023\/04\/MetcalCobre-MarcasRepresentadas_APtools.jpg\" loading=\"eager\" data-srcset=\"https:\/\/metalcobre.pt\/wp-content\/uploads\/2023\/04\/MetcalCobre-MarcasRepresentadas_APtools.jpg 900w, https:\/\/metalcobre.pt\/wp-content\/uploads\/2023\/04\/MetcalCobre-MarcasRepresentadas_APtools-300x200.jpg 300w, https:\/\/metalcobre.pt\/wp-content\/uploads\/2023\/04\/MetcalCobre-MarcasRepresentadas_APtools-768x512.jpg 768w\" \/><\/div><\/div><\/div><div  class=\"dt-owl-item-wrap elements-hover elements-hover\"  ><div class=\"dt-owl-item-inner \"><a href=\"https:\/\/www.hardoxwearparts.com\/\" target=\"_blank\" class=\"dt-owl-item-image layzr-bg img-css-resize-wrapper\"> <img decoding=\"async\" width=\"900\" height=\"600\" src=\"data:image\/svg+xml,%3Csvg%20xmlns%3D&#039;http%3A%2F%2Fwww.w3.org%2F2000%2Fsvg&#039;%20viewBox%3D&#039;0%200%20900%20600&#039;%2F%3E\" class=\"attachment-full size-full preload-me aspect lazy lazy-load\" alt=\"\" sizes=\"(max-width: 900px) 100vw, 900px\" style=\"--ratio: 900 \/ 600;\" data-src=\"https:\/\/metalcobre.pt\/wp-content\/uploads\/2023\/04\/MetcalCobre-MarcasRepresentadas_Hardox.jpg\" loading=\"eager\" data-srcset=\"https:\/\/metalcobre.pt\/wp-content\/uploads\/2023\/04\/MetcalCobre-MarcasRepresentadas_Hardox.jpg 900w, https:\/\/metalcobre.pt\/wp-content\/uploads\/2023\/04\/MetcalCobre-MarcasRepresentadas_Hardox-300x200.jpg 300w, https:\/\/metalcobre.pt\/wp-content\/uploads\/2023\/04\/MetcalCobre-MarcasRepresentadas_Hardox-768x512.jpg 768w\" \/><\/a><\/div><\/div><div  class=\"dt-owl-item-wrap elements-hover\"  ><div class=\"dt-owl-item-inner \"><div  class=\"dt-owl-item-image layzr-bg img-css-resize-wrapper\"> <img decoding=\"async\" width=\"900\" height=\"600\" src=\"data:image\/svg+xml,%3Csvg%20xmlns%3D&#039;http%3A%2F%2Fwww.w3.org%2F2000%2Fsvg&#039;%20viewBox%3D&#039;0%200%20900%20600&#039;%2F%3E\" class=\"attachment-full size-full preload-me aspect lazy lazy-load\" alt=\"\" sizes=\"(max-width: 900px) 100vw, 900px\" style=\"--ratio: 900 \/ 600;\" data-src=\"https:\/\/metalcobre.pt\/wp-content\/uploads\/2023\/04\/MetcalCobre-MarcasRepresentadas_Moldarplast.jpg\" loading=\"eager\" data-srcset=\"https:\/\/metalcobre.pt\/wp-content\/uploads\/2023\/04\/MetcalCobre-MarcasRepresentadas_Moldarplast.jpg 900w, https:\/\/metalcobre.pt\/wp-content\/uploads\/2023\/04\/MetcalCobre-MarcasRepresentadas_Moldarplast-300x200.jpg 300w, https:\/\/metalcobre.pt\/wp-content\/uploads\/2023\/04\/MetcalCobre-MarcasRepresentadas_Moldarplast-768x512.jpg 768w\" \/><\/div><\/div><\/div><div  class=\"dt-owl-item-wrap elements-hover elements-hover\"  ><div class=\"dt-owl-item-inner \"><a href=\"https:\/\/www.schmelzmetall.com\/\" target=\"_blank\" class=\"dt-owl-item-image layzr-bg img-css-resize-wrapper\"> <img decoding=\"async\" width=\"900\" height=\"600\" src=\"data:image\/svg+xml,%3Csvg%20xmlns%3D&#039;http%3A%2F%2Fwww.w3.org%2F2000%2Fsvg&#039;%20viewBox%3D&#039;0%200%20900%20600&#039;%2F%3E\" class=\"attachment-full size-full preload-me aspect lazy lazy-load\" alt=\"\" sizes=\"(max-width: 900px) 100vw, 900px\" style=\"--ratio: 900 \/ 600;\" data-src=\"https:\/\/metalcobre.pt\/wp-content\/uploads\/2023\/04\/MetcalCobre-MarcasRepresentadas_Schmelzmetall.jpg\" loading=\"eager\" data-srcset=\"https:\/\/metalcobre.pt\/wp-content\/uploads\/2023\/04\/MetcalCobre-MarcasRepresentadas_Schmelzmetall.jpg 900w, https:\/\/metalcobre.pt\/wp-content\/uploads\/2023\/04\/MetcalCobre-MarcasRepresentadas_Schmelzmetall-300x200.jpg 300w, https:\/\/metalcobre.pt\/wp-content\/uploads\/2023\/04\/MetcalCobre-MarcasRepresentadas_Schmelzmetall-768x512.jpg 768w\" \/><\/a><\/div><\/div><div  class=\"dt-owl-item-wrap elements-hover elements-hover\"  ><div class=\"dt-owl-item-inner \"><a href=\"https:\/\/www.secotools.com\/\" target=\"_blank\" class=\"dt-owl-item-image layzr-bg img-css-resize-wrapper\"> <img decoding=\"async\" width=\"900\" height=\"600\" src=\"data:image\/svg+xml,%3Csvg%20xmlns%3D&#039;http%3A%2F%2Fwww.w3.org%2F2000%2Fsvg&#039;%20viewBox%3D&#039;0%200%20900%20600&#039;%2F%3E\" class=\"attachment-full size-full preload-me aspect lazy lazy-load\" alt=\"\" sizes=\"(max-width: 900px) 100vw, 900px\" style=\"--ratio: 900 \/ 600;\" data-src=\"https:\/\/metalcobre.pt\/wp-content\/uploads\/2023\/04\/MetcalCobre-MarcasRepresentadas_Seco.jpg\" loading=\"eager\" data-srcset=\"https:\/\/metalcobre.pt\/wp-content\/uploads\/2023\/04\/MetcalCobre-MarcasRepresentadas_Seco.jpg 900w, https:\/\/metalcobre.pt\/wp-content\/uploads\/2023\/04\/MetcalCobre-MarcasRepresentadas_Seco-300x200.jpg 300w, https:\/\/metalcobre.pt\/wp-content\/uploads\/2023\/04\/MetcalCobre-MarcasRepresentadas_Seco-768x512.jpg 768w\" \/><\/a><\/div><\/div><div  class=\"dt-owl-item-wrap elements-hover elements-hover\"  ><div class=\"dt-owl-item-inner \"><a href=\"https:\/\/www.starrett.com\/\" target=\"_blank\" class=\"dt-owl-item-image layzr-bg img-css-resize-wrapper\"> <img decoding=\"async\" width=\"900\" height=\"600\" src=\"data:image\/svg+xml,%3Csvg%20xmlns%3D&#039;http%3A%2F%2Fwww.w3.org%2F2000%2Fsvg&#039;%20viewBox%3D&#039;0%200%20900%20600&#039;%2F%3E\" class=\"attachment-full size-full preload-me aspect lazy lazy-load\" alt=\"\" sizes=\"(max-width: 900px) 100vw, 900px\" style=\"--ratio: 900 \/ 600;\" data-src=\"https:\/\/metalcobre.pt\/wp-content\/uploads\/2023\/04\/MetcalCobre-MarcasRepresentadas_Starrett.jpg\" loading=\"eager\" data-srcset=\"https:\/\/metalcobre.pt\/wp-content\/uploads\/2023\/04\/MetcalCobre-MarcasRepresentadas_Starrett.jpg 900w, https:\/\/metalcobre.pt\/wp-content\/uploads\/2023\/04\/MetcalCobre-MarcasRepresentadas_Starrett-300x200.jpg 300w, https:\/\/metalcobre.pt\/wp-content\/uploads\/2023\/04\/MetcalCobre-MarcasRepresentadas_Starrett-768x512.jpg 768w\" \/><\/a><\/div><\/div><div  class=\"dt-owl-item-wrap elements-hover elements-hover\"  ><div class=\"dt-owl-item-inner \"><a href=\"https:\/\/www.wikus.de\/\" target=\"_blank\" class=\"dt-owl-item-image layzr-bg img-css-resize-wrapper\"> <img decoding=\"async\" width=\"900\" height=\"600\" src=\"data:image\/svg+xml,%3Csvg%20xmlns%3D&#039;http%3A%2F%2Fwww.w3.org%2F2000%2Fsvg&#039;%20viewBox%3D&#039;0%200%20900%20600&#039;%2F%3E\" class=\"attachment-full size-full preload-me aspect lazy lazy-load\" alt=\"\" sizes=\"(max-width: 900px) 100vw, 900px\" style=\"--ratio: 900 \/ 600;\" data-src=\"https:\/\/metalcobre.pt\/wp-content\/uploads\/2023\/04\/MetcalCobre-MarcasRepresentadas_Wikus.jpg\" loading=\"eager\" data-srcset=\"https:\/\/metalcobre.pt\/wp-content\/uploads\/2023\/04\/MetcalCobre-MarcasRepresentadas_Wikus.jpg 900w, https:\/\/metalcobre.pt\/wp-content\/uploads\/2023\/04\/MetcalCobre-MarcasRepresentadas_Wikus-300x200.jpg 300w, https:\/\/metalcobre.pt\/wp-content\/uploads\/2023\/04\/MetcalCobre-MarcasRepresentadas_Wikus-768x512.jpg 768w\" \/><\/a><\/div><\/div><div  class=\"dt-owl-item-wrap elements-hover elements-hover\"  ><div class=\"dt-owl-item-inner \"><a href=\"https:\/\/totalenergies.pt\/\" target=\"_blank\" class=\"dt-owl-item-image layzr-bg img-css-resize-wrapper\"> <img decoding=\"async\" width=\"900\" height=\"600\" src=\"data:image\/svg+xml,%3Csvg%20xmlns%3D&#039;http%3A%2F%2Fwww.w3.org%2F2000%2Fsvg&#039;%20viewBox%3D&#039;0%200%20900%20600&#039;%2F%3E\" class=\"attachment-full size-full preload-me aspect lazy lazy-load\" alt=\"\" sizes=\"(max-width: 900px) 100vw, 900px\" style=\"--ratio: 900 \/ 600;\" data-src=\"https:\/\/metalcobre.pt\/wp-content\/uploads\/2023\/04\/MetcalCobre-MarcasRepresentadas_Total.jpg\" loading=\"eager\" data-srcset=\"https:\/\/metalcobre.pt\/wp-content\/uploads\/2023\/04\/MetcalCobre-MarcasRepresentadas_Total.jpg 900w, https:\/\/metalcobre.pt\/wp-content\/uploads\/2023\/04\/MetcalCobre-MarcasRepresentadas_Total-300x200.jpg 300w, https:\/\/metalcobre.pt\/wp-content\/uploads\/2023\/04\/MetcalCobre-MarcasRepresentadas_Total-768x512.jpg 768w\" \/><\/a><\/div><\/div><div  class=\"dt-owl-item-wrap elements-hover elements-hover\"  ><div class=\"dt-owl-item-inner \"><a href=\"https:\/\/matraxlubricants.com\/\" target=\"_blank\" class=\"dt-owl-item-image layzr-bg img-css-resize-wrapper\"> <img decoding=\"async\" width=\"900\" height=\"600\" src=\"data:image\/svg+xml,%3Csvg%20xmlns%3D&#039;http%3A%2F%2Fwww.w3.org%2F2000%2Fsvg&#039;%20viewBox%3D&#039;0%200%20900%20600&#039;%2F%3E\" class=\"attachment-full size-full preload-me aspect lazy lazy-load\" alt=\"\" sizes=\"(max-width: 900px) 100vw, 900px\" style=\"--ratio: 900 \/ 600;\" data-src=\"https:\/\/metalcobre.pt\/wp-content\/uploads\/2023\/04\/MetcalCobre-MarcasRepresentadas_Matrax.jpg\" loading=\"eager\" data-srcset=\"https:\/\/metalcobre.pt\/wp-content\/uploads\/2023\/04\/MetcalCobre-MarcasRepresentadas_Matrax.jpg 900w, https:\/\/metalcobre.pt\/wp-content\/uploads\/2023\/04\/MetcalCobre-MarcasRepresentadas_Matrax-300x200.jpg 300w, https:\/\/metalcobre.pt\/wp-content\/uploads\/2023\/04\/MetcalCobre-MarcasRepresentadas_Matrax-768x512.jpg 768w\" \/><\/a><\/div><\/div><div  class=\"dt-owl-item-wrap elements-hover elements-hover\"  ><div class=\"dt-owl-item-inner \"><a href=\"https:\/\/www.rocol.com\/\" target=\"_blank\" class=\"dt-owl-item-image layzr-bg img-css-resize-wrapper\"> <img decoding=\"async\" width=\"900\" height=\"600\" src=\"data:image\/svg+xml,%3Csvg%20xmlns%3D&#039;http%3A%2F%2Fwww.w3.org%2F2000%2Fsvg&#039;%20viewBox%3D&#039;0%200%20900%20600&#039;%2F%3E\" class=\"attachment-full size-full preload-me aspect lazy lazy-load\" alt=\"\" sizes=\"(max-width: 900px) 100vw, 900px\" style=\"--ratio: 900 \/ 600;\" data-src=\"https:\/\/metalcobre.pt\/wp-content\/uploads\/2023\/04\/MetcalCobre-MarcasRepresentadas_Rolcol.jpg\" loading=\"eager\" data-srcset=\"https:\/\/metalcobre.pt\/wp-content\/uploads\/2023\/04\/MetcalCobre-MarcasRepresentadas_Rolcol.jpg 900w, https:\/\/metalcobre.pt\/wp-content\/uploads\/2023\/04\/MetcalCobre-MarcasRepresentadas_Rolcol-300x200.jpg 300w, https:\/\/metalcobre.pt\/wp-content\/uploads\/2023\/04\/MetcalCobre-MarcasRepresentadas_Rolcol-768x512.jpg 768w\" \/><\/a><\/div><\/div><\/div><div class=\"owl-nav disabled\"><div class=\"owl-prev\" role=\"button\" tabindex=\"0\" aria-label=\"Prev slide\"><i class=\"fas fa-chevron-left\"><\/i><\/div><div class=\"owl-next\" role=\"button\" tabindex=\"0\" aria-label=\"Next slide\"><i class=\"fas fa-chevron-right\"><\/i><\/div><\/div>\t\t\t\t<\/div>\n\t\t\t\t<\/div>\n\t\t\t\t\t<\/div>\n\t\t<\/div>\n\t\t\t\t\t<\/div>\n\t\t<\/section>\n\t\t\t\t<\/div>\n\t\t\t\t<\/div>\n\t\t\t\t\t\t<\/div>\n\t\t\t\t<\/div>\n\t\t\t\t\t<\/div>\n\t\t<\/div>\n\t\t\t\t\t<\/div>\n\t\t<\/section>\n\t\t\t\t<\/div>\n\t\t","protected":false},"excerpt":{"rendered":"<p>Pol\u00edtica de privacidade O site de MetalCobre &#8211; Comercializa\u00e7\u00e3o de Metais \u00e9 propriedade de MetalCobre &#8211; Comercializa\u00e7\u00e3o de Metais,lda, que \u00e9 uma controladora dos seus dados pessoais. N\u00f3s adotamos esta Pol\u00edtica de Privacidade, que determina como processamos as informa\u00e7\u00f5es recolhidas por MetalCobre &#8211; Comercializa\u00e7\u00e3o de Metais, que tamb\u00e9m fornece os motivos pelos quais devemos recolher&hellip;<\/p>\n","protected":false},"author":1,"featured_media":0,"parent":0,"menu_order":80,"comment_status":"closed","ping_status":"closed","template":"","meta":{"footnotes":""},"class_list":["post-11238","page","type-page","status-publish","hentry"],"aioseo_notices":[],"_links":{"self":[{"href":"https:\/\/metalcobre.pt\/index.php\/wp-json\/wp\/v2\/pages\/11238","targetHints":{"allow":["GET"]}}],"collection":[{"href":"https:\/\/metalcobre.pt\/index.php\/wp-json\/wp\/v2\/pages"}],"about":[{"href":"https:\/\/metalcobre.pt\/index.php\/wp-json\/wp\/v2\/types\/page"}],"author":[{"embeddable":true,"href":"https:\/\/metalcobre.pt\/index.php\/wp-json\/wp\/v2\/users\/1"}],"replies":[{"embeddable":true,"href":"https:\/\/metalcobre.pt\/index.php\/wp-json\/wp\/v2\/comments?post=11238"}],"version-history":[{"count":0,"href":"https:\/\/metalcobre.pt\/index.php\/wp-json\/wp\/v2\/pages\/11238\/revisions"}],"wp:attachment":[{"href":"https:\/\/metalcobre.pt\/index.php\/wp-json\/wp\/v2\/media?parent=11238"}],"curies":[{"name":"wp","href":"https:\/\/api.w.org\/{rel}","templated":true}]}}